 - 33899. Give m(-10).
-9
Let x(h) = -3244*h + 110497. Give x(34).
201
Let f(h) = 214*h**3 - h - 4. Give f(-2).
-1714
Let f(l) = 128*l**2 + 2051*l + 40. Determine f(-16).
-8
Let o(k) = -k**3 - 115*k**2 - 1126*k + 1875. Determine o(-104).
3
Let f(i) = -4*i**3 - 4*i**2 + 1225*i - 2422. Give f(2).
-20
Let h(b) = -54468*b + 217881. What is h(4)?
9
Let j(x) = 2*x**2 - 484*x + 2375. Determine j(5).
5
Let n(m) = 1366*m**3 - m**2 - 143*m - 142. Calculate n(-1).
-1366
Let v(c) = -490*c**2 - 14703*c - 98. Calculate v(-30).
-8
Let q(o) = -355*o**2 + 56088*o + 202. What is q(158)?
-114
Let o(m) = m**2 + 449*m - 6719. What is o(15)?
241
Let a(p) = 385*p + 21574. Determine a(-55).
399
Let l(h) = 76*h**2 + 2974*h - 2675. Give l(-40).
-35
Let x(k) = -k**3 + 13*k**2 - 73*k + 380. Determine x(12).
-352
Let u(k) = -k**3 - 16*k**2 - 18*k - 2. What is u(-5)?
-187
Let y(v) = 43*v**3 + 9*v**2 - 77*v + 137. Calculate y(2).
363
Let u(s) = -4*s**3 - 14*s**2 + 222*s + 1437. What is u(-7)?
569
Let w(o) = -o**2 - 55855*o + 4. Determine w(0).
4
Let o(w) = -20597*w + 144190. Determine o(7).
11
Let a(c) = c**3 + 150*c**2 + 5689*c + 5703. Determine a(-78).
9
Let k(c) = 3497*c - 706416. Calculate k(202).
-22
Let u(w) = -w**3 + 560*w**2 - 3157*w + 1767876. Give u(560).
-44
Let u(w) = w**3 - 340*w**2 + 28588*w + 3506. Give u(153).
-13
Let g(s) = -212*s + 1577. Calculate g(7).
93
Let p(j) = 9*j**2 - 300*j + 2524. Determine p(32).
2140
Let x(h) = 17*h**2 - 1409*h + 29066. Give x(43).
-88
Let z(d) = -31626*d - 379507. Give z(-12).
5
Let s(c) = 5*c**2 - 991*c + 47098. Determine s(79).
14
Let v(y) = -2*y**2 - 85015*y + 1275677. Give v(15).
2
Let v(l) = -l**2 - 118*l - 1364. What is v(-66)?
2068
Let f(s) = 1512*s**2 - 4600*s + 1. What is f(3)?
-191
Let p(x) = -x**3 + 42*x**2 + 204*x + 1360. What is p(47)?
-97
Let w(x) = -3*x**2 + 720*x - 8880. What is w(13)?
-27
Let h(u) = 25220*u - 25094. Calculate h(1).
126
Let o(c) = -11096*c**2 + 10805*c + 2. Give o(1).
-289
Let k(u) = -97*u + 3446. Give k(36).
-46
Let a(f) = -1470*f + 1160. Calculate a(1).
-310
Let p(q) = -q**2 - 215*q - 8481. Calculate p(-49).
-347
Let h(k) = 1779*k - 7171. Determine h(4).
-55
Let z(j) = 11*j**3 - 98*j**2 - 4*j - 86. Determine z(11).
2653
Let y(a) = 1544*a - 804. Determine y(1).
740
Let a(z) = -12*z**2 + 1016*z + 762882. Calculate a(298).
2
Let a(k) = -320*k + 4123. Determine a(16).
-997
Let s(f) = -27579*f - 551533. Give s(-20).
47
Let f(y) = 1038*y - 11549. What is f(11)?
-131
Let j(o) = 3132*o - 350763. What is j(112)?
21
Let u(t) = -t**2 - 18058*t - 194. Determine u(0).
-194
Let o(h) = -h**2 - 11066*h - 671309. Determine o(-61).
-4
Let h(b) = 3*b**3 - 1321*b**2 - 4876*b - 3549. What is h(444)?
3
Let o(h) = 10*h**2 + 254*h + 1565. Calculate o(-15).
5
Let o(m) = -114*m**2 - 7527*m - 107. Determine o(-66).
91
Let q(p) = 235377*p - 2118408. Determine q(9).
-15
Let i(n) = -n**2 + 1624*n - 179052. Give i(119).
43
Let b(o) = -33*o**3 - 1698*o + 3395. Determine b(2).
-265
Let t(q) = -181*q + 12032. Determine t(66).
86
Let c(n) = -2*n**2 + 1128*n - 8940. Give c(8).
-44
Let m(d) = 31040*d - 182902. What is m(6)?
3338
Let r(h) = 1527*h + 73351. Give r(-48).
55
Let t(p) = 17*p + 3225. Determine t(-187).
46
Let z(b) = -155266*b - 465813. What is z(-3)?
-15
Let d(f) = -2*f**3 - 55*f**2 + 229*f + 437. Give d(-31).
65
Let h(c) = -490*c + 2904. Calculate h(7).
-526
Let q(f) = -10461*f + 73216. Calculate q(7).
-11
Let p(k) = k**3 + k**2 - 1431*k + 4284. What is p(3)?
27
Let m(k) = -k**2 + 4030*k + 142270. Give m(-35).
-5
Let m(d) = -2*d**2 + 54*d + 1662. Give m(45).
42
Let f(m) = 16*m**2 - 114*m + 217. Calculate f(7).
203
Let k(f) = 34317*f - 7103627. Calculate k(207).
-8
Let w(z) = 5*z**3 - 14*z**2 + 2*z - 4. What is w(5)?
281
Let f(g) = -g**3 + 1407*g**2 - 22253*g - 4183. Give f(1391).
-10
Let u(r) = 2*r**2 + 641*r + 12593. Determine u(-21).
14
Let s(f) = 2*f**2 + 1382*f + 10888. Calculate s(-8).
-40
Let o(n) = 828*n + 9132. Give o(-11).
24
Let d(z) = z**2 - 8108*z - 73082. Give d(-9).
-29
Let h(m) = m**2 - 983*m + 30283. What is h(31)?
771
Let n(x) = 7*x**3 - 200*x**2 - 181*x + 2659. Determine n(29).
-67
Let l(w) = -22*w**2 - 816*w + 32246. What is l(24)?
-10
Let a(p) = -5*p**2 + 290*p + 821. Give a(63).
-754
Let l(i) = i**3 - 40*i**2 + 5190*i - 207610. What is l(40)?
-10
Let w(r) = 12*r**3 + 5*r**2 + 196*r - 618. Give w(3).
339
Let u(l) = 126*l**2 + 276*l - 281. What is u(-3)?
25
Let h(x) = -x**2 - 1413*x - 48777. Give h(-36).
795
Let w(z) = 2*z**2 + 214*z - 650. What is w(-113)?
706
Let b(m) = -3*m**2 - 439*m + 24872. What is b(-189)?
680
Let d(a) = -a**3 + 764*a**2 + 10082*a - 190. Give d(-13).
57
Let x(q) = 10*q**2 - 76*q - 2076. Calculate x(-15).
1314
Let o(m) = 4*m**3 + 794*m**2 + 5387*m + 129. Calculate o(-7).
-46
Let f(a) = -6*a**2 + 319*a + 14184. Determine f(82).
-2
Let a(t) = -12*t**2 - 2732*t + 82490. Give a(27).
-22
Let q(k) = 2580*k + 15328. Calculate q(-7).
-2732
Let f(r) = -30*r**3 - 1254*r**2 + 257*r + 220. Calculate f(-42).
10
Let c(s) = 2*s**3 - 7*s**2 - 674*s + 3436. Give c(5).
141
Let q(m) = -929025*m + 14864404. Determine q(16).
4
Let x(b) = 15*b**3 + b**2 - 13*b - 110. Calculate x(2).
-12
Let q(i) = -14888*i + 804237. Determine q(54).
285
Let f(m) = 2*m**2 - 783*m + 848. Determine f(0).
848
Let u(n) = -21*n**2 + 15365*n + 30823. Give u(-2).
9
Let j(a) = -15*a**3 + 19101*a**2 + 11457*a + 11432. Determine j(1274).
-34
Let r(a) = 550*a**2 + 88*a + 9. Calculate r(-1).
471
Let j(f) = -f**3 - 768*f**2 + 11714*f - 24. Determine j(15).
-489
Let q(n) = 8*n**3 - 20*n - 29. What is q(-5)?
-929
Let j(w) = -2*w**2 - 1207*w + 4846. Calculate j(4).
-14
Let j(g) = -2460*g + 108252. What is j(44)?
12
Let r(t) = 4*t**3 + 382*t**2 - 974*t + 566. Give r(-98).
-22
Let i(w) = -12341*w - 323. What is i(0)?
-323
Let p(a) = -2208*a - 46020. What is p(-21)?
348
Let a(v) = -3381*v**2 + 23651*v + 113. Give a(7).
1
Let w(v) = -38358*v + 115068. Give w(3).
-6
Let j(d) = 5*d**3 + 1454*d**2 + 1156*d - 1105. What is j(-290)?
55
Let z(o) = -16*o**3 + 71*o**2 - 8*o + 19. Calculate z(8).
-3693
Let t(k) = -12*k**3 - 445*k**2 + 939*k - 10. Determine t(2).
-8
Let m(x) = -3*x**3 - x**2 + 11*x + 12. Give m(-1).
3
Let g(h) = h**2 - 39355*h - 275529. Give g(-7).
5
Let v(g) = -g**2 - 651*g + 134648. Calculate v(165).
8
Let n(h) = -h**3 + 30*h**2 - 291*h + 7156. What is n(28)?
576
Let a(r) = -247*r**2 + 4915*r + 495. Calculate a(20).
-5
Let f(c) = c**3 - 187*c**2 - 3261*c - 135. Determine f(-16).
73
Let q(g) = -g**3 + 1475*g**2 - 371261*g - 1616. Calculate q(322).
-6
Let n(r) = 2*r**2 + 467*r + 27280. Calculate n(-118).
22
Let m(s) = s**3 - 138*s**2 - 2085*s - 58357. Give m(154).
9
Let w(v) = -44*v**2 - 4697*v + 1164. Determine w(-107).
-13
Let v(t) = -31661*t**2 - 284953*t - 18. Determine v(-9).
18
Let l(j) = -3854*j + 115660. What is l(30)?
40
Let m(p) = 3*p**3 - 12*p**2 - 2109*p + 6355. Calculate m(3).
1
Let s(a) = -3571988*a - 32147896. Determine s(-9).
-4
Let s(c) = 621*c**2 - 19*c + 17. Give s(1).
619
Let s(z) = z**2 - 228*z - 6954. Calculate s(-42).
4386
Let a(u) = -522*u + 48643. Calculate a(93).
97
Let b(s) = 249*s**2 + 263*s - 258. Calculate b(1).
254
Let k(s) = -3*s**3 + 17*s**2 + 66*s + 634. Give k(10).
-6
Let t(h) = 275*h - 38807. What is t(143)?
518
Let o(i) = 1189*i + 709895. What is o(-597)?
62
Let t(o) = 22872*o + 182776. Calculate t(-8).
-200
Let s(t) = -38*t + 1859. Calculate s(66).
-649
Let z(f) = 149*f - 2457. Give z(15).
-222
Let i(h) = 439*h - 27308. Calculate i(63).
349
Let b(o) = 27*o - 518. Determine b(12).
-194
Let f(l) = -3961*l + 59436. Give f(15).
21
Let k(q) = q**3 - 27*q**2 + 45*q - 467. What is k(26)?
27
Let f(c) = -13790*c + 8908349. Determine f(646).
9
Let z(c) = 660*c - 21768. Give z(33).
12
Let x(w) = -2*w**2 + 136*w - 4517. What is x(34)?
-2205
Let l(h) = 686*h + 31096. Calculate l(-46).
-460
Let w(q) = 85*q**2 + 132*q - 81. Give w(-2).
-5
Let y(u) = 97*u**2 - 169*u - 291. Calculate y(3).
75
Let g(v) = 4*v**2 - 644*v - 5013. What is g(-8)?
395
Let g(d) = 3517*d + 415026. Determine g(-118).
20
Let r(f) = -f**2 - 1288*f + 23389. Calculate r(18).
-119
Let n(d) = 330*d + 3039. Determine n(-9).
69
Let m(y) = 183182*y - 6411377. Give m(35).
-7
Let y(i) = 1242*i**3 + 6210*i**2 + 68*i + 308. Give y(-5).
-32
Le